e -85*z - 48 = -473. What is the highest common factor of z and 27?
1
Let s = 1268 - 869. Suppose 0 = 20*i - i - s. Calculate the highest common factor of 21 and i.
21
Let m be (2/(-2))/((-1)/13). Let l(o) = 3*o**2 + 43*o - 69. Let w be l(-19). Suppose 0 = 191*t - w*t + 78. Calculate the greatest common factor of m and t.
13
Suppose 0 = 166*g - 10*g + 85*g - 9158. What is the greatest common factor of g and 10564?
38
Suppose -4672 = -245*p + 172*p. Let v be 4/22 + 40/22. Suppose 4*k + 12 = a, v*a - 5*a = -4*k - 76. Calculate the highest common factor of p and a.
32
Let y(g) = 154*g - 12. Let i be y(2). Let h be (-42)/(-56)*296/6. What is the greatest common divisor of h and i?
37
Let y = 60 + -30. Suppose 5*q + 5*o - 295 = -y, -5*q = -2*o - 230. Calculate the greatest common factor of q and 80.
16
Let z(y) = -y**3 - 11*y**2 - 31*y - 2. Let p be z(-6). Let o be 1 - (-1 + (-88)/p). Let f be 12/15*(-30)/(-4). Calculate the highest common factor of o and f.
6
Let y = 101 - 93. Suppose 3*k = -y*t + 5*t + 84, -5*k - 2*t = -125. What is the highest common divisor of k and 184?
23
Let l = 30612 + -30585. Calculate the highest common divisor of l and 3249.
9
Suppose -2*m + 20 = -5*d, 24 = -5*d - m - 11. Let h(z) = z**3 + 15*z**2 + 6*z - 30. Let p be h(d). Calculate the greatest common divisor of 6 and p.
6
Let f be (9/((-54)/11010))/(-3 - -2) - 3. What is the greatest common factor of f and 20?
4
Let r be (-3)/1 - (625 + -667). What is the highest common divisor of r and 3913?
13
Let p(w) = -w**3 - 5*w**2 + 7*w + 6. Let z be p(-8). Let j = z - -158. What is the highest common divisor of 15 and j?
15
Suppose -42*p = -27*p - 210. Suppose 0 = 2*s - 6*s + 140. What is the greatest common factor of p and s?
7
Let j(h) = 42*h**2 - 5. Let c = 589 + -594. Let w be j(c). Calculate the highest common divisor of 55 and w.
55
Suppose -36 = 3*j + 6*j. Let h(g) = g**3 + 6*g**2 + 2*g - 7. Let y be h(j). Let r = y - -3. Calculate the highest common divisor of r and 15.
5
Suppose w - 15 = 2*n - 6, -w - 3*n = 16. Let q be (117/6)/(w/(-6)*1). Calculate the greatest common factor of q and 65.
13
Let q(h) = -10*h + 192 + 5*h - 10*h - 5*h. Let z be q(7). What is the greatest common divisor of z and 52?
52
Let a be (-1 + -2)*1*(-1)/(27/5220). What is the greatest common factor of 30 and a?
10
Let u be (-21 - -20)/(1/(-4)). Suppose u*n + 45 = 53. Calculate the highest common divisor of 34 and n.
2
Suppose s = 2*x - 360, 344 = 2*x - 2*s + 5*s. Let u = 217 - x. Calculate the highest common divisor of 9 and u.
3
Let t be (3 + 25/(-10))*18. Let x be (4/(-2) - -2)/(-2). Let v = x - -9. What is the highest common divisor of v and t?
9
Let f be -1 - -10*(-5)/(-10). Suppose 2*g - 95 - 3 = -f*y, 0 = -2*g + 2*y + 122. What is the greatest common factor of g and 38?
19
Let g = 0 + 3. Suppose 0 = 3*b - 4*b + g. Suppose -4*w + 4*v + 13 + 211 = 0, -b*w + 168 = 2*v. Calculate the highest common divisor of 7 and w.
7
Suppose 21*n = 2*n + 27553 + 50822. What is the highest common factor of n and 660?
165
Suppose -3*l - 5*i - 13 = -3, 3*l + 4 = -2*i. Let z be (38 - l) + 15/(60/(-16)). Calculate the greatest common divisor of z and 102.
34
Let b = -13533 + 13555. Calculate the greatest common divisor of b and 518.
2
Let a(z) = -38*z**3 + 1674*z**2 - 85*z + 10. Let i be a(44). Calculate the highest common divisor of i and 22507.
71
Let w(c) = 9*c + 7. Suppose -2*q - 10 = -50. Suppose -q*k - 5 = -25*k. Let y be w(k). Calculate the highest common divisor of 72 and y.
8
Suppose -6*d = -5*d + 2*k - 44, k = -2*d + 64. Suppose -10 = -5*s - 0, 3*s + 42 = 4*i. What is the highest common divisor of d and i?
4
Let l(j) = j**2 + 2*j - 1. Let r be l(1). Let i be ((r - -1) + -2)*(-72)/(-8). Let b = 53 + -35. Calculate the greatest common factor of i and b.
9
Let d = 16 - -112. Let u = -3688 + 3620. Let p = d + u. Calculate the greatest common factor of 150 and p.
30
Let s be 55*4/7*(-77)/(-22). Calculate the greatest common factor of 8690 and s.
110
Let j be -1*(3 + (2 - -2))*(-872)/14. What is the highest common divisor of j and 3161?
109
Let h be (-57)/(-9) - (-10)/15. Suppose -1 = -m + h. Let r = -75 - -115. What is the highest common factor of m and r?
8
Let c = -107 + 109. Suppose 0 = d + 3, c*y + 3*d + 1 = -0*y. Suppose -5*b = -4*b - 8. What is the highest common divisor of b and y?
4
Suppose -2*h - 7166 = -z, -2*h + 35758 = -30*z + 35*z. What is the greatest common factor of z and 294?
98
Suppose a = -3*q + 2667, 2103 + 558 = 3*q + 3*a. Calculate the greatest common divisor of q and 40.
10
Suppose -483*t = -486*t + 4*p + 9247, 3*t = 3*p + 9243. What is the greatest common factor of 68 and t?
17
Let k be 379/(((-208)/(-221))/16). Calculate the greatest common factor of 17 and k.
17
Let p(o) = 185*o**3 - 3*o**2 + 2*o - 1. Let y be (-204)/(-21) + -9 - (-4)/14. Let l be p(y). Calculate the greatest common divisor of 61 and l.
61
Suppose 3*c - 5*c - 178 = 2*n, 277 = -3*n + 2*c. Let d = n - -73. Let a be 15/d*28*-3. Calculate the highest common factor of 20 and a.
10
Let h(g) be the first derivative of -g**4/2 - 8*g**3/3 - 3*g**2 - 36*g + 43. Let t be h(-7). Calculate the greatest common divisor of t and 12.
12
Suppose 2*l - i + 12 - 37 = 0, 0 = 4*l - 3*i - 49. Suppose -5*t + 5*r + 440 = 0, -3*t - 55*r + 52*r = -282. Calculate the highest common divisor of l and t.
13
Suppose b + 2*b = 3*n + 33, 4*n + 4 = 0. Let q = -362 + 375. Suppose -q*v + 1 + 129 = 0. Calculate the highest common divisor of b and v.
10
Let o be ((-114)/12 - -2 - -9)*20. Calculate the greatest common factor of o and 5145.
15
Let p = -7909 - -7994. Calculate the highest common factor of p and 405.
5
Suppose 0 = -3*h - h + 16. Suppose 7*v - 16*v - 64 = -5*p, 4*v = -4*p + 96. Calculate the highest common divisor of h and p.
4
Let g(d) = 2*d + 271. Let n be g(-58). What is the highest common divisor of n and 1240?
155
Let o = 101 + -284. Let w = o - -191. Calculate the greatest common factor of 96 and w.
8
Suppose -2*s = 4*t - 14948, -4*s - 3*t + 29968 = -7*t. What is the highest common divisor of 38 and s?
38
Let t = 135217 - 135201. Let z = -1 + 4. Suppose -2*g - f = -9 - 7, 3*g - z*f = 24. What is the greatest common divisor of g and t?
8
Suppose -5*y + 3*f + 10 = 0, -2*f = 3*y + 2*y - 10. Let c = y + 16. Let n = 14 + c. Calculate the highest common divisor of 4 and n.
4
Suppose 3*y - 160 = -y. Suppose -35 - 310 = -5*k. Suppose 5*j + k = 149. Calculate the highest common factor of j and y.
8
Let a = -8731 - -8757. Calculate the greatest common divisor of 432 and a.
2
Suppose -12*a + 139 = -5. Let c = 51 + a. Let r be 611/65 + 2/(-5). What is the greatest common factor of c and r?
9
Let z = -27 - -97. Suppose 4*l + 14 - 42 = -n, 4*n = -3*l + 112. What is the highest common factor of n and z?
14
Let k = 24 + 4. Let a be 4 + -3 + (-2 - -3). Let f be (220462/(-143))/(-11) + a/(-13). What is the greatest common factor of k and f?
28
Let i(l) = -l + 8. Let q be i(0). Let n be 0 + (-6 - (2/(-29) + (-6912)/696)). What is the highest common divisor of n and q?
4
Suppose 17*v - 13*v - a = 21, 5*v = 4*a + 7. Calculate the greatest common divisor of 502 and v.
1
Let u be (30/35)/(4/56). Suppose 15*l - 121 = 494. Suppose 6*n = l + 67. What is the greatest common factor of u and n?
6
Let y be (-1)/(-2)*(-17)/((-119)/42). Suppose -2*r = -2*c - 36, -y*r + 4*c + 56 = 2*c. Calculate the highest common divisor of r and 160.
20
Let q be (-4)/(1/1) - 616/77. Let k(n) = -31*n + 114. Let j be k(q). Calculate the highest common divisor of j and 18.
18
Let c be 1435/50 + 18/60. Suppose 7367 = c*h + 1451. Calculate the greatest common factor of 60 and h.
12
Suppose -5*l - 50 = b - 0*b, -4*b - 56 = 4*l. Let y be (-4 - -2)/(6/l). Let m be -3 + (y - -129) - 3. What is the highest common divisor of 18 and m?
18
Suppose 14*u = -100*u - 31*u + 135575. What is the greatest common factor of 2431 and u?
187
Let i = -14864 - -14916. Let s be (0 + 0)*(1 + 0). Let z be -1 + 3 + (2 - s). What is the greatest common divisor of i and z?
4
Let l be -15 + -8 + 15 + 80. What is the greatest common factor of 656 and l?
8
Let j = -602 + 605. Suppose 4*v + 2*z - 142 = 0, 11*v - j*z - 255 = 4*v. Calculate the highest common factor of 243 and v.
9
Suppose 92*d - 153032 = -49*d + 87